t i be f(-8). Let q = i - 12. Suppose -2*w - 105 = -q*w. What are the prime factors of w?
3, 7
Let n be 198/(-27) + (-2)/(-6). Let l = 2 + n. Let o = 0 - l. What are the prime factors of o?
5
Let u(d) = d**2 + 3*d + 4. Let h(y) = 12*y**2 + 2*y - 2. Let g be h(1). Let p be -3*((-40)/g)/(-5). What are the prime factors of u(p)?
2
Let d = -331 + 655. List the prime factors of d.
2, 3
What are the prime factors of 4953 - -20*(-8)/32?
2, 1237
What are the prime factors of (-54)/6 + 15 + 1858?
2, 233
Let b(m) = m**3 + 8*m**2 + 5*m - 5. Let a be b(-7). Suppose -2*t - a*t = -2299. List the prime factors of t.
11, 19
What are the prime factors of (((-5733)/(-14))/9)/(2/52)?
7, 13
Let k(d) = d**3 + 10*d**2 - 14*d + 6. Let v be k(-10). Suppose 4*q - v = 3*q. Suppose 3*x - q = -p, -3*x + 154 = -0*x - p. List the prime factors of x.
2, 5
Let y = 16 - 12. Suppose 0 = -3*f + y*f. Let c(b) = -b**2 - b + 17. List the prime factors of c(f).
17
Let v = 44 - -6. Suppose -2*y + 343 = -w + v, -y - 5*w + 130 = 0. What are the prime factors of y?
5, 29
Let l(d) = -13*d + 16. Let w be l(5). Let a = 110 + w. What are the prime factors of a?
61
Let c = -39 + 69. Suppose f = -4*m + 12, -5*m + 2*f - 7*f + c = 0. List the prime factors of m.
2
Suppose -2*q = -3*r + 4323, 667 - 3536 = -2*r - 3*q. List the prime factors of r.
1439
Let u = -56 + 30. List the prime factors of u/(-39) - ((-314)/6 + -2).
5, 11
Let v = -372 - -1633. What are the prime factors of v?
13, 97
Suppose -55*v - q = -56*v + 2380, 0 = 4*v + 4*q - 9504. List the prime factors of v.
2, 29, 41
Let v(y) = -4*y**3 + 2*y**2 - y. Let j be v(1). Let s be (j + 2)*-1 + -1. Suppose -m - 1 = -4*w + 27, s = 3*w - 4*m - 8. What are the prime factors of w?
2
Suppose 3*j = 3*u + 12, -3*j = 2*u - 18 + 6. Suppose u = -2*b + 40 + 2. Suppose d = b + 3. What are the prime factors of d?
2, 3
Suppose 4*g + 11184 = 5*y, 15*y - 8940 = 11*y + 5*g. List the prime factors of y.
2, 5, 7
Suppose -5*q - 3*h - 2*h - 145 = 0, 5*q - 2*h + 166 = 0. Let a = q + 74. What are the prime factors of a?
2, 3, 7
Let n be 2*(82/(-4) - -3). Let z = -17 - n. What are the prime factors of 1*z - (10 + -8)?
2
Let x = 120 - -262. List the prime factors of x.
2, 191
Let r = -55 - -37. Let p be 116/(-10) + r/45. What are the prime factors of 28 + 16/p*3?
2, 3
Let j(v) = 136*v + 46. What are the prime factors of j(11)?
2, 3, 257
Let o = 860 + 0. List the prime factors of o.
2, 5, 43
Let d(w) = -w**3 - 6*w**2 - 5*w - 2. Let f be d(-5). Let s be (1 + f)/(2/22). Let k = 2 - s. What are the prime factors of k?
13
Let u = -33 - -377. Suppose -20*i + 18*i = -u. List the prime factors of i.
2, 43
Suppose 2*y = z + 25, -z - 45 = -3*y + 2*z. Let q be ((-44)/(-10))/((-2)/(-10)). Let f = q + y. List the prime factors of f.
2
Suppose -5*y + p = -6*y + 1408, y - 1408 = -3*p. List the prime factors of y.
2, 11
Let w = 1371 + -862. List the prime factors of w.
509
Suppose -12*n = n - 4511. What are the prime factors of n?
347
Let j(p) = -p**2 - 5*p - 1. Let b be j(-5). List the prime factors of 44*b/(-2) - 0.
2, 11
Let j be -4 + -25 - (-5 + 10). Let r = j + 161. List the prime factors of r.
127
Suppose -2*d + 449 = -3133. What are the prime factors of d?
3, 199
Suppose a - 5*w + 354 = 5*a, -95 = -a + 2*w. What are the prime factors of a?
7, 13
Suppose 31*w - 4*w - 1566 = 0. What are the prime factors of w?
2, 29
Let y(k) = 263*k - 178. What are the prime factors of y(6)?
2, 5, 7
Suppose 0 = 4*f - 3*s - 29, 3*f + 0*s - 2*s = 21. Suppose 0 = -w + 3*w - 3*v - 287, 0 = -f*w + 5*v + 705. What are the prime factors of w?
2, 17
Let f = -28 + 32. Suppose -m - 64 = -2*m - 5*b, -5*m + 236 = f*b. What are the prime factors of m?
2, 11
Suppose 15 = 4*k + 3. Suppose 0 = 5*j + 5*w - 15, k*w - 5 = -4*j + 10. Suppose 4*f - j*f = -48. List the prime factors of f.
2, 3
Suppose 2556 = 16*d - 12*d. What are the prime factors of d?
3, 71
Let o be (-26)/(-10) + 26/65. Suppose 0 = -o*f + 108 + 102. List the prime factors of f.
2, 5, 7
Suppose -2*c = -6, -3*c + 13 - 4 = 5*r. Suppose 5*w - 2*w - 168 = -5*h, -5*h - w + 176 = r. What are the prime factors of h?
2, 3
Let x(z) be the second derivative of 3*z**5/20 + z**4/3 - z**3/2 + 3*z**2 - 28*z. What are the prime factors of x(3)?
2, 3, 19
Suppose 1 = -3*p + 4, p = -s + 516. What are the prime factors of s?
5, 103
What are the prime factors of 16/(-20)*(-995)/2?
2, 199
Let k = -3089 - -5663. What are the prime factors of k?
2, 3, 11, 13
Let w = -5 + 9. Suppose -4*c + w*v + 192 = 0, c - 6*c + 2*v = -249. List the prime factors of c.
3, 17
Suppose -48 = -4*r + 5*l, -5*r = l - 39 - 21. List the prime factors of r.
2, 3
Let p(m) = -18 - 16 - 7 + 98*m. List the prime factors of p(4).
3, 13
Suppose -17*m - 18*m + 7945 = 0. What are the prime factors of m?
227
Let g = -7 + 13. Let m = g + -4. Suppose 0 = m*z + 2*z + 16, 0 = -k + 4*z + 19. List the prime factors of k.
3
Let l = -15 + 19. Suppose v - l = -2*b + 11, b = -5*v + 111. What are the prime factors of v?
23
Let s(h) = -9*h - 20. Suppose 0 = -50*d + 51*d + 3. What are the prime factors of s(d)?
7
Let h(t) = -246*t**3 - 5*t**2 - 2*t - 3. What are the prime factors of h(-2)?
1949
Let c(o) = -o**2 - 11*o + 5. Let d be c(-9). Let i = 156 - d. What are the prime factors of i?
7, 19
Let a(l) = 29*l + 2. Let f be a(4). Suppose -8*s = -15*s + 21. Suppose -f = -s*j + j. List the prime factors of j.
59
Suppose 12 = -3*d, 7 = 4*z + d - 5. Let u be ((-2)/z)/(1/118). What are the prime factors of 1/3*u*-3?
59
Let v = -282 - -412. Let u be v/3*(-30)/(-25). Suppose u = 4*s - 0*s. List the prime factors of s.
13
Suppose -2*z = 2*p - 684, 0 = 5*z - 2*z - 4*p - 1019. Suppose -4*y - 2*k = -270, -9*y = -4*y - k - z. List the prime factors of y.
2, 17
Let n be (-1 - (2 + -1))/((-8)/20). Suppose n*v = -2*i - 407 + 998, -869 = -3*i - 4*v. List the prime factors of i.
283
Let r = 27 - 32. Let c = -11 - r. Let g(n) = n**3 + 7*n**2 + 5*n + 5. List the prime factors of g(c).
11
Let b(f) be the second derivative of f**6/120 + f**5/15 - f**3/2 - f**2 - 5*f. Let c(j) be the first derivative of b(j). What are the prime factors of c(-3)?
2, 3
Let r = 10 - 6. Let b be (-4)/8 + (-42)/(-4). What are the prime factors of 5/(b/76) - r?
2, 17
Suppose 2*a = 4*o + 30, 2*a - 3*o = -0*a + 25. Suppose 3*n = -a*z + 73, -2*n = -4*n - 8. What are the prime factors of z?
17
Let o be (-63)/(-13) - (-1 - (-33)/39). Suppose o*h - 543 = 247. What are the prime factors of h?
2, 79
Suppose i - 1 = 0, -3*d + 5*i = -5*d - 43. What are the prime factors of (d/(-12))/(1/86)?
2, 43
Suppose l = 5*l - 36. Suppose -l*i + 4*i = -205. Let t = i + -2. What are the prime factors of t?
3, 13
Suppose b - 238 = 2*t, t + 99 + 134 = b. Suppose 5*d = -s + 526, b - 13 = 2*d + 5*s. List the prime factors of d.
3, 5, 7
Let a = 4973 + -2733. List the prime factors of a.
2, 5, 7
Let i = -1 + 5. Suppose -j - j + 2*x = -148, -i*j + 303 = 3*x. List the prime factors of j.
3, 5
Suppose -10*n - 4840 = -20*n. Suppose -q = 1, -b + q + n = 2*b. List the prime factors of b.
7, 23
Let d be 3/(-3 - (-81)/24). Suppose -d*x + 9*x = -17. Let q = 0 - x. What are the prime factors of q?
17
Let h(l) = 25*l - 27. Let r(g) = -1. Let c(j) = h(j) - 5*r(j). What are the prime factors of c(3)?
53
Suppose -r - 5*y = 14 + 9, 2*r + 16 = -4*y. Suppose 0 = -r*n + 70 + 2. Suppose n = 5*k - 14. List the prime factors of k.
2, 5
List the prime factors of ((-15700)/(-250))/(4/70).
7, 157
Let o be (24/(-28))/((-6)/21). Suppose 112 - 4 = 4*y - 5*m, 2*y = -5*m + 54. Suppose -o*h = -y - 45. List the prime factors of h.
2, 3
Suppose -57 - 20 = 7*d. Let h = d + 19. List the prime factors of h.
2
Let v(s) = 2*s - 5. Let c(t) = -5*t + 13. Let x(m) = 5*m - 14. Let n(z) = -5*c(z) - 4*x(z). Let q(f) = -6*n(f) + 11*v(f). List the prime factors of q(-4).
31
Let g(y) = 10*y**2 + 27*y + 13. Let v be g(-12). Suppose -11*j = -1148 - v. What are the prime factors of j?
3, 23
Let i be ((-50)/(-8))/((-2)/(-8)). Suppose -2*c + c = -i. What are the prime factors of ((-15)/c)/((-1)/55)?
3, 11
What are the prime factors of (2 - -1)/(6 - (-6353)/(-1059))?
3, 353
Let y(z) = -z**3 - 8*z**2 - 8*z - 1. Let m be y(-7). Let c be m/4*(-448)/(-21). Let h = c + -4. List the prime factors of h.
2, 7
Let c(p) be the first derivative o